{"id":913,"date":"2026-06-09T14:07:41","date_gmt":"2026-06-09T14:07:41","guid":{"rendered":"https:\/\/egkt.hu\/our-experts\/"},"modified":"2026-07-21T15:42:29","modified_gmt":"2026-07-21T15:42:29","slug":"our-experts","status":"publish","type":"page","link":"https:\/\/egkt.hu\/en\/our-experts\/","title":{"rendered":"Our Experts"},"content":{"rendered":"<div id=\"cs-content\" class=\"cs-content\"><div class=\"x-section e913-e1 mpd-0 mpd-1\"><div class=\"x-row e913-e2 mpd-3 mpd-4 mpd-5 mpd-6 mpd-7 mpd-8 mpd-d mpd-e\"><div class=\"x-bg\" aria-hidden=\"true\"><div class=\"x-bg-layer-lower-image\"><\/div><div class=\"x-bg-layer-upper-custom\"><style>\n.grad-top,\n.grad-bottom,\n.grad-left {\n  position: absolute;\n}\n.grad-top {\n  top: 0; left: 0;\n  width: 100%; height: 50%;\n  background: linear-gradient(to bottom, rgba(29,25,53,0.5), transparent);\n}\n.grad-bottom {\n  display: none;\n  bottom: 0; left: 0;\n  width: 100%; height: 30%;\n}\n.grad-left {\n  bottom: 0; left: 0;\n  width: 30%; height: 100%;\n  background: linear-gradient(to right, rgba(29,25,53,0.9), transparent);\n}\n@media (max-width: 1024px) {\n  .grad-left {\n    display: none;\n  }\n  .grad-top {\n  top: 0; left: 0;\n  width: 100%; height: 50%;\n  background: linear-gradient(to bottom, rgba(29,25,53,0.5), transparent);\n}\n  .grad-bottom {\n    display: block;\n    height: 80%;\n    background: linear-gradient(to top, rgba(29,25,53,0.9), transparent);\n  }\n}\n<\/style>\n<div class=\"grad-top\"><\/div>\n<div class=\"grad-bottom\"><\/div>\n<div class=\"grad-left\"><\/div><\/div><\/div><div class=\"x-row-inner\"><div class=\"x-col e913-e3 mpd-l mpd-m mpd-n mpd-o mpd-p\"><div class=\"x-text x-text-headline e913-e4 mpd-v mpd-w mpd-x\"><div class=\"x-text-content\"><div class=\"x-text-content-text\"><h1 class=\"x-text-content-text-primary\">Our Experts<\/h1>\n<\/div><\/div><\/div><div class=\"x-text x-content e913-e5 mpd-11 mpd-12\">Our team members bring many years of practical and academic experience in policy and strategy development, market and social research, and economic analysis at the highest level.<\/div><\/div><\/div><\/div><\/div><div class=\"x-section e913-e6 mpd-0 mpd-2\"><div class=\"x-row x-container max width e913-e7 mpd-4 mpd-7 mpd-8 mpd-9 mpd-a mpd-d mpd-f\"><div class=\"x-row-inner\"><div class=\"x-col e913-e8 mpd-l mpd-m mpd-o mpd-p mpd-q mpd-r\"><div class=\"x-text x-text-headline e913-e9 mpd-v mpd-y mpd-z\"><div class=\"x-text-content\"><div class=\"x-text-content-text\"><span class=\"x-text-content-text-subheadline\">Expertise and Experience<\/span>\n<h2 class=\"x-text-content-text-primary\">Meet Our Team<\/h2><\/div><\/div><\/div><\/div><\/div><\/div><div class=\"x-row x-container max width e913-e10 mpd-4 mpd-5 mpd-9 mpd-b mpd-g\"><div class=\"x-row-inner\"><div class=\"x-col e913-e11 mpd-l mpd-o mpd-p mpd-q mpd-r mpd-s\"><div class=\"x-row e913-e12 mpd-4 mpd-5 mpd-6 mpd-8 mpd-9 mpd-c mpd-d mpd-h\"><div class=\"x-row-inner\"><div class=\"x-col e913-e13 mpd-l mpd-m mpd-p mpd-r mpd-t\"><span class=\"x-image e913-e14 mpd-14\"><img decoding=\"async\" src=\"https:\/\/egkt.hu\/wp-content\/uploads\/2026\/05\/Kozak_Akos_EGKT.jpg\" width=\"795\" height=\"795\" alt=\"Image\" loading=\"lazy\"><\/span><\/div><div class=\"x-col e913-e15 mpd-l mpd-m mpd-o mpd-q mpd-u\"><div class=\"x-text x-text-headline e913-e16 mpd-v mpd-w mpd-z mpd-10\"><div class=\"x-text-content\"><div class=\"x-text-content-text\"><h3 class=\"x-text-content-text-primary\">Koz\u00e1k \u00c1kos PhD<\/h3>\n<span class=\"x-text-content-text-subheadline\">Managing Director<\/span><\/div><\/div><\/div><hr class=\"x-line e913-e17 mpd-15\"\/><div class=\"x-text x-content e913-e18 mpd-11 mpd-13\"><p style=\"font-weight: 400;\"><span style=\"font-weight: 400;\">Managing Director of Egyens\u00faly Gazdas\u00e1gkutat\u00f3 \u00e9s Tan\u00e1csad\u00f3 (EGKT), and co-founder of the Equilibrium Institute. Co-chair of the National Association of Entrepreneurs and Employers (VOSZ).  <\/span><\/p>\n<p style=\"font-weight: 400;\"><span style=\"font-weight: 400;\">For nearly thirty years, he previously served as Director of the GfK Hung\u00e1ria Market Research Institute. Between 2008 and 2012, he was President of the Hungarian Marketing Association. He taught in higher education for 25 years, serving as Associate Professor at the Budapest Business University and as a research fellow at the Cyber Economy Research Centre. He is the author and co-author of numerous higher-education market research course materials. In 2008, he received the Klauz\u00e1l G\u00e1bor Award. His fields of expertise are futures studies and consumer studies, and he obtained his PhD in the sociology of consumption.     <\/span><\/p><\/div><\/div><\/div><\/div><\/div><div class=\"x-col e913-e19 mpd-l mpd-o mpd-p mpd-q mpd-r mpd-s\"><div class=\"x-row e913-e20 mpd-4 mpd-5 mpd-6 mpd-8 mpd-9 mpd-c mpd-d mpd-i\"><div class=\"x-row-inner\"><div class=\"x-col e913-e21 mpd-l mpd-m mpd-p mpd-r mpd-t\"><span class=\"x-image e913-e22 mpd-14\"><img decoding=\"async\" src=\"https:\/\/egkt.hu\/wp-content\/uploads\/2026\/07\/EGKT_szakertok_kenyeres.jpg\" width=\"795\" height=\"795\" alt=\"Image\" loading=\"lazy\"><\/span><\/div><div class=\"x-col e913-e23 mpd-l mpd-m mpd-o mpd-q mpd-u\"><div class=\"x-text x-text-headline e913-e24 mpd-v mpd-w mpd-z mpd-10\"><div class=\"x-text-content\"><div class=\"x-text-content-text\"><h3 class=\"x-text-content-text-primary\">L\u00e1szl\u00f3 Kenyeres<\/h3>\n<span class=\"x-text-content-text-subheadline\">Deputy Director<\/span><\/div><\/div><\/div><hr class=\"x-line e913-e25 mpd-15\"\/><div class=\"x-text x-content e913-e26 mpd-11 mpd-13\"><p><span style=\"font-weight: 400;\">Deputy Director of Egyens\u00faly Gazdas\u00e1gkutat\u00f3 \u00e9s Tan\u00e1csad\u00f3 (EGKT). <\/span><\/p>\n<p><span style=\"font-weight: 400;\">He was previously a scholarship holder and later a social statistician at the Hungarian Central Statistical Office (KSH), where he researched the income and expenditure structure of households. Later, he gained experience in the financial and energy sectors as a programme manager and leader in the field of company-wide, customer-centric transformations. In recent times, he has worked on the methodological and technological development of various research instruments and satisfaction surveys. His focus area is the creation of multi-source integrated databases that support data-driven decision-making.   <\/span><\/p><\/div><\/div><\/div><\/div><\/div><div class=\"x-col e913-e27 mpd-l mpd-o mpd-p mpd-q mpd-r mpd-s\"><div class=\"x-row e913-e28 mpd-4 mpd-5 mpd-6 mpd-8 mpd-9 mpd-c mpd-d mpd-j\"><div class=\"x-row-inner\"><div class=\"x-col e913-e29 mpd-l mpd-m mpd-p mpd-r mpd-t\"><span class=\"x-image e913-e30 mpd-14\"><img decoding=\"async\" src=\"https:\/\/egkt.hu\/wp-content\/uploads\/2026\/05\/EGKT_szakertok_Flora.jpg\" width=\"795\" height=\"795\" alt=\"Image\" loading=\"lazy\"><\/span><\/div><div class=\"x-col e913-e31 mpd-l mpd-m mpd-o mpd-q mpd-u\"><div class=\"x-text x-text-headline e913-e32 mpd-v mpd-w mpd-z mpd-10\"><div class=\"x-text-content\"><div class=\"x-text-content-text\"><h3 class=\"x-text-content-text-primary\">Fl\u00f3ra N\u00e1dasdi<\/h3>\n<span class=\"x-text-content-text-subheadline\">Project Coordinator<\/span><\/div><\/div><\/div><hr class=\"x-line e913-e33 mpd-15\"\/><div class=\"x-text x-content e913-e34 mpd-11 mpd-13\"><p><span style=\"font-weight: 400;\">Project Coordinator at Egyens\u00faly Gazdas\u00e1gkutat\u00f3 \u00e9s Tan\u00e1csad\u00f3 (EGKT). <\/span><\/p>\n<p><span style=\"font-weight: 400;\">She previously completed a master's degree in marketing at Corvinus University of Budapest, where she oriented herself towards the fields of consumer behaviour and marketing research. She then experienced the Hungarian IT business sphere as a sales assistant. She is currently involved in the preparation and coordination of EGKT's business projects, providing particular support for the projects' administrative processes and monitoring their implementation. An important part of her work is also her contribution to data collection and data analysis tasks.   <\/span><\/p><\/div><\/div><\/div><\/div><\/div><div class=\"x-col e913-e35 mpd-l mpd-o mpd-p mpd-q mpd-r mpd-s\"><div class=\"x-row e913-e36 mpd-4 mpd-5 mpd-6 mpd-8 mpd-9 mpd-c mpd-d mpd-k\"><div class=\"x-row-inner\"><div class=\"x-col e913-e37 mpd-l mpd-m mpd-p mpd-r mpd-t\"><span class=\"x-image e913-e38 mpd-14\"><img decoding=\"async\" src=\"https:\/\/egkt.hu\/wp-content\/uploads\/2026\/06\/EGKT_szakertok_czelleng_adam-1.jpg\" width=\"795\" height=\"795\" alt=\"Image\" loading=\"lazy\"><\/span><\/div><div class=\"x-col e913-e39 mpd-l mpd-m mpd-o mpd-q mpd-u\"><div class=\"x-text x-text-headline e913-e40 mpd-v mpd-w mpd-z mpd-10\"><div class=\"x-text-content\"><div class=\"x-text-content-text\"><h3 class=\"x-text-content-text-primary\">Czelleng \u00c1d\u00e1m PhD<\/h3>\n<span class=\"x-text-content-text-subheadline\">Partner, Economic Consultant<\/span><\/div><\/div><\/div><hr class=\"x-line e913-e41 mpd-15\"\/><div class=\"x-text x-content e913-e42 mpd-11 mpd-13\"><p><span style=\"font-weight: 400;\">He has more than a decade of professional experience in the fields of financial, macroeconomic and strategic analysis. <\/span><\/p>\n<p><span style=\"font-weight: 400;\">He previously worked in investment banking and then at GKI Economic Research as a research director economist, where he was primarily responsible for financial, banking and economic modelling projects. In the course of his work, he led research and consulting projects for domestic and international financial institutions, companies and public institutions, and took part in the development of various macroeconomic models. He currently works on macroeconomic modelling as EGKT's consultant economist, serving corporate and public-sector decision-makers. In addition, as a university associate professor he teaches at all levels of higher education, including doctoral programmes, and his research focus is model-based forecasting and the economic application of data analysis.   <\/span><\/p><\/div><\/div><\/div><\/div><\/div><\/div><\/div><\/div><\/div>","protected":false},"excerpt":{"rendered":"<p>Our Experts Our team members bring many years of practical and academic experience in policy and strategy development, market and social research, and economic analysis at the highest level.Expertise and Experience Meet Our TeamKoz\u00e1k \u00c1kos PhD Managing DirectorManaging Director of Egyens\u00faly Gazdas\u00e1gkutat\u00f3 \u00e9s Tan\u00e1csad\u00f3 (EGKT), and co-founder of the Equilibrium Institute. Co-chair of the National Association of Entrepreneurs and Employers &#8230; <\/p>\n<div><a href=\"https:\/\/egkt.hu\/en\/our-experts\/\" class=\"more-link\">Read More<\/a><\/div>\n","protected":false},"author":1,"featured_media":0,"parent":0,"menu_order":0,"comment_status":"closed","ping_status":"closed","template":"template-blank-4.php","meta":{"_acf_changed":false,"footnotes":""},"szolgaltatas":[],"class_list":["post-913","page","type-page","status-publish","hentry","no-post-thumbnail"],"acf":[],"_links":{"self":[{"href":"https:\/\/egkt.hu\/en\/wp-json\/wp\/v2\/pages\/913","targetHints":{"allow":["GET"]}}],"collection":[{"href":"https:\/\/egkt.hu\/en\/wp-json\/wp\/v2\/pages"}],"about":[{"href":"https:\/\/egkt.hu\/en\/wp-json\/wp\/v2\/types\/page"}],"author":[{"embeddable":true,"href":"https:\/\/egkt.hu\/en\/wp-json\/wp\/v2\/users\/1"}],"replies":[{"embeddable":true,"href":"https:\/\/egkt.hu\/en\/wp-json\/wp\/v2\/comments?post=913"}],"version-history":[{"count":2,"href":"https:\/\/egkt.hu\/en\/wp-json\/wp\/v2\/pages\/913\/revisions"}],"predecessor-version":[{"id":915,"href":"https:\/\/egkt.hu\/en\/wp-json\/wp\/v2\/pages\/913\/revisions\/915"}],"wp:attachment":[{"href":"https:\/\/egkt.hu\/en\/wp-json\/wp\/v2\/media?parent=913"}],"wp:term":[{"taxonomy":"szolgaltatas","embeddable":true,"href":"https:\/\/egkt.hu\/en\/wp-json\/wp\/v2\/szolgaltatas?post=913"}],"curies":[{"name":"wp","href":"https:\/\/api.w.org\/{rel}","templated":true}]}}

<div id="cs-content" class="cs-content"><div class="x-section e913-e1 mpd-0 mpd-1"><div class="x-row e913-e2 mpd-3 mpd-4 mpd-5 mpd-6 mpd-7 mpd-8 mpd-d mpd-e"><div class="x-bg" aria-hidden="true"><div class="x-bg-layer-lower-image"></div><div class="x-bg-layer-upper-custom"><style>
.grad-top,
.grad-bottom,
.grad-left {
  position: absolute;
}
.grad-top {
  top: 0; left: 0;
  width: 100%; height: 50%;
  background: linear-gradient(to bottom, rgba(29,25,53,0.5), transparent);
}
.grad-bottom {
  display: none;
  bottom: 0; left: 0;
  width: 100%; height: 30%;
}
.grad-left {
  bottom: 0; left: 0;
  width: 30%; height: 100%;
  background: linear-gradient(to right, rgba(29,25,53,0.9), transparent);
}
@media (max-width: 1024px) {
  .grad-left {
    display: none;
  }
  .grad-top {
  top: 0; left: 0;
  width: 100%; height: 50%;
  background: linear-gradient(to bottom, rgba(29,25,53,0.5), transparent);
}
  .grad-bottom {
    display: block;
    height: 80%;
    background: linear-gradient(to top, rgba(29,25,53,0.9), transparent);
  }
}
</style>
<div class="grad-top"></div>
<div class="grad-bottom"></div>
<div class="grad-left"></div></div></div><div class="x-row-inner"><div class="x-col e913-e3 mpd-l mpd-m mpd-n mpd-o mpd-p"><div class="x-text x-text-headline e913-e4 mpd-v mpd-w mpd-x"><div class="x-text-content"><div class="x-text-content-text"><h1 class="x-text-content-text-primary">Our Experts</h1>
</div></div></div><div class="x-text x-content e913-e5 mpd-11 mpd-12">Our team members bring many years of practical and academic experience in policy and strategy development, market and social research, and economic analysis at the highest level.</div></div></div></div></div><div class="x-section e913-e6 mpd-0 mpd-2"><div class="x-row x-container max width e913-e7 mpd-4 mpd-7 mpd-8 mpd-9 mpd-a mpd-d mpd-f"><div class="x-row-inner"><div class="x-col e913-e8 mpd-l mpd-m mpd-o mpd-p mpd-q mpd-r"><div class="x-text x-text-headline e913-e9 mpd-v mpd-y mpd-z"><div class="x-text-content"><div class="x-text-content-text"><span class="x-text-content-text-subheadline">Expertise and Experience</span>
<h2 class="x-text-content-text-primary">Meet Our Team</h2></div></div></div></div></div></div><div class="x-row x-container max width e913-e10 mpd-4 mpd-5 mpd-9 mpd-b mpd-g"><div class="x-row-inner"><div class="x-col e913-e11 mpd-l mpd-o mpd-p mpd-q mpd-r mpd-s"><div class="x-row e913-e12 mpd-4 mpd-5 mpd-6 mpd-8 mpd-9 mpd-c mpd-d mpd-h"><div class="x-row-inner"><div class="x-col e913-e13 mpd-l mpd-m mpd-p mpd-r mpd-t"><span class="x-image e913-e14 mpd-14"><img decoding="async" src="https://egkt.hu/wp-content/uploads/2026/05/Kozak_Akos_EGKT.jpg" width="795" height="795" alt="Image" loading="lazy"></span></div><div class="x-col e913-e15 mpd-l mpd-m mpd-o mpd-q mpd-u"><div class="x-text x-text-headline e913-e16 mpd-v mpd-w mpd-z mpd-10"><div class="x-text-content"><div class="x-text-content-text"><h3 class="x-text-content-text-primary">Kozák Ákos PhD</h3>
<span class="x-text-content-text-subheadline">Managing Director</span></div></div></div><hr class="x-line e913-e17 mpd-15"/><div class="x-text x-content e913-e18 mpd-11 mpd-13"><p style="font-weight: 400;"><span style="font-weight: 400;">Managing Director of Egyensúly Gazdaságkutató és Tanácsadó (EGKT), and co-founder of the Equilibrium Institute. Co-chair of the National Association of Entrepreneurs and Employers (VOSZ).  </span></p>
<p style="font-weight: 400;"><span style="font-weight: 400;">For nearly thirty years, he previously served as Director of the GfK Hungária Market Research Institute. Between 2008 and 2012, he was President of the Hungarian Marketing Association. He taught in higher education for 25 years, serving as Associate Professor at the Budapest Business University and as a research fellow at the Cyber Economy Research Centre. He is the author and co-author of numerous higher-education market research course materials. In 2008, he received the Klauzál Gábor Award. His fields of expertise are futures studies and consumer studies, and he obtained his PhD in the sociology of consumption.     </span></p></div></div></div></div></div><div class="x-col e913-e19 mpd-l mpd-o mpd-p mpd-q mpd-r mpd-s"><div class="x-row e913-e20 mpd-4 mpd-5 mpd-6 mpd-8 mpd-9 mpd-c mpd-d mpd-i"><div class="x-row-inner"><div class="x-col e913-e21 mpd-l mpd-m mpd-p mpd-r mpd-t"><span class="x-image e913-e22 mpd-14"><img decoding="async" src="https://egkt.hu/wp-content/uploads/2026/07/EGKT_szakertok_kenyeres.jpg" width="795" height="795" alt="Image" loading="lazy"></span></div><div class="x-col e913-e23 mpd-l mpd-m mpd-o mpd-q mpd-u"><div class="x-text x-text-headline e913-e24 mpd-v mpd-w mpd-z mpd-10"><div class="x-text-content"><div class="x-text-content-text"><h3 class="x-text-content-text-primary">László Kenyeres</h3>
<span class="x-text-content-text-subheadline">Deputy Director</span></div></div></div><hr class="x-line e913-e25 mpd-15"/><div class="x-text x-content e913-e26 mpd-11 mpd-13"><p><span style="font-weight: 400;">Deputy Director of Egyensúly Gazdaságkutató és Tanácsadó (EGKT). </span></p>
<p><span style="font-weight: 400;">He was previously a scholarship holder and later a social statistician at the Hungarian Central Statistical Office (KSH), where he researched the income and expenditure structure of households. Later, he gained experience in the financial and energy sectors as a programme manager and leader in the field of company-wide, customer-centric transformations. In recent times, he has worked on the methodological and technological development of various research instruments and satisfaction surveys. His focus area is the creation of multi-source integrated databases that support data-driven decision-making.   </span></p></div></div></div></div></div><div class="x-col e913-e27 mpd-l mpd-o mpd-p mpd-q mpd-r mpd-s"><div class="x-row e913-e28 mpd-4 mpd-5 mpd-6 mpd-8 mpd-9 mpd-c mpd-d mpd-j"><div class="x-row-inner"><div class="x-col e913-e29 mpd-l mpd-m mpd-p mpd-r mpd-t"><span class="x-image e913-e30 mpd-14"><img decoding="async" src="https://egkt.hu/wp-content/uploads/2026/05/EGKT_szakertok_Flora.jpg" width="795" height="795" alt="Image" loading="lazy"></span></div><div class="x-col e913-e31 mpd-l mpd-m mpd-o mpd-q mpd-u"><div class="x-text x-text-headline e913-e32 mpd-v mpd-w mpd-z mpd-10"><div class="x-text-content"><div class="x-text-content-text"><h3 class="x-text-content-text-primary">Flóra Nádasdi</h3>
<span class="x-text-content-text-subheadline">Project Coordinator</span></div></div></div><hr class="x-line e913-e33 mpd-15"/><div class="x-text x-content e913-e34 mpd-11 mpd-13"><p><span style="font-weight: 400;">Project Coordinator at Egyensúly Gazdaságkutató és Tanácsadó (EGKT). </span></p>
<p><span style="font-weight: 400;">She previously completed a master's degree in marketing at Corvinus University of Budapest, where she oriented herself towards the fields of consumer behaviour and marketing research. She then experienced the Hungarian IT business sphere as a sales assistant. She is currently involved in the preparation and coordination of EGKT's business projects, providing particular support for the projects' administrative processes and monitoring their implementation. An important part of her work is also her contribution to data collection and data analysis tasks.   </span></p></div></div></div></div></div><div class="x-col e913-e35 mpd-l mpd-o mpd-p mpd-q mpd-r mpd-s"><div class="x-row e913-e36 mpd-4 mpd-5 mpd-6 mpd-8 mpd-9 mpd-c mpd-d mpd-k"><div class="x-row-inner"><div class="x-col e913-e37 mpd-l mpd-m mpd-p mpd-r mpd-t"><span class="x-image e913-e38 mpd-14"><img decoding="async" src="https://egkt.hu/wp-content/uploads/2026/06/EGKT_szakertok_czelleng_adam-1.jpg" width="795" height="795" alt="Image" loading="lazy"></span></div><div class="x-col e913-e39 mpd-l mpd-m mpd-o mpd-q mpd-u"><div class="x-text x-text-headline e913-e40 mpd-v mpd-w mpd-z mpd-10"><div class="x-text-content"><div class="x-text-content-text"><h3 class="x-text-content-text-primary">Czelleng Ádám PhD</h3>
<span class="x-text-content-text-subheadline">Partner, Economic Consultant</span></div></div></div><hr class="x-line e913-e41 mpd-15"/><div class="x-text x-content e913-e42 mpd-11 mpd-13"><p><span style="font-weight: 400;">He has more than a decade of professional experience in the fields of financial, macroeconomic and strategic analysis. </span></p>
<p><span style="font-weight: 400;">He previously worked in investment banking and then at GKI Economic Research as a research director economist, where he was primarily responsible for financial, banking and economic modelling projects. In the course of his work, he led research and consulting projects for domestic and international financial institutions, companies and public institutions, and took part in the development of various macroeconomic models. He currently works on macroeconomic modelling as EGKT's consultant economist, serving corporate and public-sector decision-makers. In addition, as a university associate professor he teaches at all levels of higher education, including doctoral programmes, and his research focus is model-based forecasting and the economic application of data analysis.   </span></p></div></div></div></div></div></div></div></div></div>

<p>Our Experts Our team members bring many years of practical and academic experience in policy and strategy development, market and social research, and economic analysis at the highest level.Expertise and Experience Meet Our TeamKozák Ákos PhD Managing DirectorManaging Director of Egyensúly Gazdaságkutató és Tanácsadó (EGKT), and co-founder of the Equilibrium Institute. Co-chair of the National Association of Entrepreneurs and Employers &#8230; </p>
<div><a href="https://egkt.hu/en/our-experts/" class="more-link">Read More</a></div>
